
-6
Let s(j) = 2*j - 49. Let p(t) = 6*t + 119. Let w be p(-40). Let h = w - -146. Calculate s(h).
1
Suppose -2*j - 12 = -5*j, -20 = -4*s - 4*j. Suppose 8*l - s = -17. Let b(h) = -4*h. Calculate b(l).
8
Let g(l) = 10*l - 133. Let f(y) = -15*y + 283. Let u be f(18). Calculate g(u).
-3
Let s(l) = 2*l + 9. Suppose 1458 = -28*r + 37*r. Suppose 157 - r = f. Give s(f).
-1
Let n(r) = r**2 - 12*r + 3. Let k(f) = -33*f - 219. Let u be k(-7). Suppose -14*d = -u*d - 16. What is n(d)?
-29
Suppose 4*z + 5 = -3*f, f - 2*z = z + 7. Let d be (-4)/(8/(-6))*f. Let q(o) = -6*o + o**d + 10*o - 4*o**2 - o**2 - 2 + 0*o**2. Determine q(4).
-2
Let m(i) = 6*i + 16. Suppose 4*l = 3*c - 28, 4*l - 7*c - 4 = -12*c. Calculate m(l).
-8
Let h(u) be the second derivative of -7/12*u**4 - 4*u + 1/20*u**5 + 1/3*u**3 - 16 - 9/2*u**2. What is h(7)?
5
Let r(d) be the second derivative of d**4/12 - d**3/6 - 4*d**2 + d - 11334. Let w = -1 - -1. What is r(w)?
-8
Let k(s) be the second derivative of s**5/20 + 11*s**4/12 + 11*s**3/2 + 12*s**2 - 2185*s. Calculate k(-7).
-11
Let d(p) = 11*p + 5*p - 8 - 7 + 15. What is d(3)?
48
Let w(y) = y**2 - 19*y - 101. Let c be ((-6)/(-4))/(255/3910). Determine w(c).
-9
Suppose -4*g + 4*m = -8, 0 = -2*g + 3*m - 6*m + 9. Let u be (10/6)/(6/18). Let p(n) = -1 - u*n - n + 3*n + 4*n. What is p(g)?
2
Let m(z) = -z**3 - 5*z**2 + 7*z + 7. Suppose 2*q - 2*p - 14 = 0, 4*q - 6*p = -p + 32. Suppose 0 = -s - q*l + 9, -5*s + 5*l - 3*l = 40. What is m(s)?
1
Let d(c) be the third derivative of -c**6/120 - c**5/60 + 7*c**4/24 - 3*c**3/2 - 2159*c**2. Determine d(-4).
11
Let p(v) = 2*v**3 + 84*v**2 + 4. Suppose 0 = -5*r - 63*r - 2856. What is p(r)?
4
Let t = -235 - -127. Let c = 114 + t. Let x(m) = m**2 - 7*m. Calculate x(c).
-6
Suppose 10*x + q - 23 = 0, -4*x - 80 = -5*q - 73. Let p(y) be the first derivative of 9*y**2/2 + y - 1. Determine p(x).
19
Let f(v) = 117*v - 1752. Let t be f(15). Let z(s) be the first derivative of -5/2*s**2 + 1/3*s**t - 4*s - 11. Give z(6).
2
Let v(a) = a**2 - 24*a + 46. Let o be v(22). Suppose -2*t - 4*h + 16 = 0, 12*t - 7*t - o*h - 4 = 0. Let x(p) = 24*p + 2. Calculate x(t).
50
Let w be (-1 - -1) + 12 + -8. Suppose 0 = w*z - 4 - 4. Suppose 23 = -3*h - z*q, h - 3*q + 2*q = -1. Let t(c) = -c**3 - 4*c**2 + 7*c + 3. Determine t(h).
-7
Let s(m) = 80*m**2 + 68*m - 586. Let h(i) = -7*i**2 - 6*i + 53. Let k(v) = -23*h(v) - 2*s(v). Give k(7).
16
Let g(k) = -k**3 - 5*k**2 - 4*k - 1. Suppose -5*y - 2 + 127 = 0. Let s = y + -52. Let i be (s/90 + 1/(-5))*6. Calculate g(i).
-7
Let t(l) be the first derivative of -7*l**4/24 - 13*l**3/6 + 91*l**2 - 287. Let y(c) be the second derivative of t(c). Determine y(-3).
8
Let d(i) = i**3 + i**2 - i. Let p be d(-1). Suppose 6*s - 5 - p = 0. Let g be (s/2)/(6/(-60)). Let n(u) = u + 2. What is n(g)?
-3
Let h = 6 - -2. Suppose -5*w + 8 = v, -4*w - v = -h + 2. Let a(s) = 2. Let n(t) = -3*t + 4. Let j(o) = a(o) - n(o). Calculate j(w).
4
Let l(y) = -y**2 - y - 1. Let w be 4*(3/(-2))/(-3). Let u be 1/(-10)*-2 + (-1350)/(-125). Suppose 0 = 4*t - 3 - 1, 3*i = w*t - u. What is l(i)?
-7
Let m(n) be the second derivative of -n**6/360 - n**5/40 - n**4/8 + n**3/6 - 29*n**2/2 - 234*n. Let h(i) be the second derivative of m(i). Give h(-1).
-1
Let w(d) be the third derivative of -4/3*d**3 + 34*d + 0 + 1/60*d**5 + 1/3*d**4 + 2*d**2. Give w(-8).
-8
Let g(h) = 3*h - 131. Suppose -5*d + 5*s + 167 = -13, -5*d - 5*s + 220 = 0. Calculate g(d).
-11
Let z(h) = -3*h - 1. Suppose -3*s + 3*x - 60 = 0, 5*s - 4*x - 55 + 156 = 0. Let m be 30/s - (-12)/(-21). Calculate z(m).
5
Let o(z) = -3*z**3 - 2*z + 7. Let i be o(3). Let a be -3*(i/(-15))/(-8). Let y(k) = -40*k**a + 78*k**2 + 8*k - 2 - 37*k**2. What is y(-8)?
-2
Let c(o) = 41*o**3 + o. Suppose 5*u - 111 = -2*r, -11 = -3*r + u + 113. Suppose 57 = 14*v + r. Give c(v).
42
Suppose -52*k + 36*k + 128 = 0. Let b(d) = 5*d - 12. Calculate b(k).
28
Let j(z) be the third derivative of -z**4/24 + 13*z**3/6 - 2*z**2 + 66*z + 19. Determine j(34).
-21
Let h(l) be the third derivative of l**5/60 + l**4/8 + l**3/6 - 3*l**2. Suppose -3*z = 3*q + 18, -4*z - 56 + 43 = -7*q. What is h(z)?
11
Let s(w) = -w**2 + 7. Suppose -2*b = -21*b. Let m be 2*-3 + b/(-4 + 3). Give s(m).
-29
Let k(s) = 2*s**2 - 5*s - 7. Suppose 0 = -w - 3*b - 13, -79*b + 30 = -84*b. Determine k(w).
18
Let k(x) be the first derivative of x**4/4 - x**2/2 + 9*x - 5987. Give k(-3).
-15
Let o(x) = -x**2 + x - 1. Let s(h) = h**3 + 8*h**2 - 8*h + 6. Let c(p) = 7*o(p) + s(p). Determine c(-4).
-45
Let r(k) = -k + 1. Let y be (525/45 + -11)*(-6 - 0). Let s be 1/y - (4 - 126/24). Calculate r(s).
0
Suppose -16*k - 58 = -12*k - 2*v, 5*k + 85 = 5*v. Let b(a) = a + 14. Give b(k).
2
Let x(j) = 3*j**3 + 23*j**2 + 28. Let a(m) = -m**3 - 8*m**2 - 10. Suppose 5*d = 2*s - 3 - 14, 3*d = s - 8. Let n(r) = s*a(r) + 4*x(r). What is n(-4)?
2
Let q be 4/(-12)*(-4)/((-12)/(-27)). Suppose q - 51 = -12*d. Let l(p) = p**3 - p**2 - p. Let f(t) = 7*t**3 - 10*t**2 - 9*t. Let i(z) = f(z) - 6*l(z). Give i(d).
-12
Let l(a) be the third derivative of 4*a**4/3 - 11*a**3/2 + 19*a**2. Let u(x) = 7*x - 8. Let i(w) = 2*l(w) - 9*u(w). Determine i(-8).
-2
Let g = 677 + -677. Let f(t) = -54*t**3 + 155*t**3 - 42 - 46*t**3 - 54*t**3. Give f(g).
-42
Let u(j) = 213*j**3 - 81*j**2 - 192*j - 85. Let i(d) = 25*d**3 - 10*d**2 - 24*d - 10. Let s(r) = -17*i(r) + 2*u(r). Calculate s(-5).
-45
Let f = -4083 + 4068. Let m(y) = y**2 + 19*y + 60. Determine m(f).
0
Suppose -51*u + 3*z = -52*u - 653, 0 = u - 4*z + 625. Let v = u - -647. Let q(l) = 8*l - 43. Calculate q(v).
5
Let l(b) = -29*b + 9228*b**3 - 4616*b**3 - 12*b**2 + 10 - 4613*b**3. Calculate l(-8).
-14
Let l(r) = -2*r**2 - 2*r**2 - r + 7*r**2 + 1. Let b be l(1). Let x(f) = -5*f**3 + 3*f**b + 0*f**3 + 3*f**3 - 2*f**2 + 1. Calculate x(2).
1
Let m be -9*3*5/(-15). Let i(x) be the third derivative of x**5/60 - 3*x**4/8 - x**3/6 - 125*x**2 - x. What is i(m)?
-1
Let k(w) = 3*w + 7. Let h(l) = -l - 4. Let r(t) = -4*h(t) - 3*k(t). What is r(2)?
-15
Let h(p) = -p**2 - p - 7. Let b be ((-18)/24)/((-3)/(-2))*0. Suppose b = -4*s - 4*q + 8, -4 = -3*s + 5*s - 2*q. Let k be 0/((s + -1)*-2). Determine h(k).
-7
Let r be (57/(-6) + 4 - (-78)/52) + 8. Let o(k) be the third derivative of 5*k**4/24 + 5*k**3/6 - k**2. Calculate o(r).
25
Let l(a) = -a**2 - 3*a + 16. Let p be l(0). Suppose 3*u - 34 = -p. Let i(g) = -g**2 + 8*g**2 - u*g**2. Give i(-2).
4
Suppose -2*n + 1477 = 1397. Let f be ((-21)/(-2))/(2/4). Let d(r) = n*r - f*r - 21*r. Calculate d(5).
-10
Let o(b) = -237 + 50 + 93 + 26*b. Calculate o(5).
36
Let g = 10 + -4. Let u(w) = 2*w**2 + 4*w - 4. Let b be u(-3). Let h(a) = g*a - 2*a - 7*a + b*a + 8. What is h(6)?
2
Let l(z) = -z - 316. Let g(q) = q + 253. Let d(v) = -4*g(v) - 3*l(v). Calculate d(-20).
-44
Let b(m) = -2*m + 10. Let x = 208 - 202. Let o be b(x). Let g(i) = -i**2 - 3*i + 1. What is g(o)?
3
Let p(q) = 5*q**3 - 3*q**2 + 3. Let v be p(1). Let c(x) = 6*x**2 - x**3 - 8*x**2 + 4*x - 3 + x**2 + 5*x**2. What is c(v)?
-8
Suppose 1156 = 4*r + 2*m, 0*r - r - 4*m = -282. Let k(t) = -3 - 3*t**2 - 582*t + r*t + 290*t. Calculate k(-2).
-11
Let t(n) be the second derivative of -n**5/20 + 5*n**4/4 - 17*n**3/6 + 19*n**2/2 - 6846*n. What is t(14)?
-23
Let x(w) be the first derivative of 5*w**2/2 + 25*w - 3175. Determine x(9).
70
Let u(t) be the third derivative of t**8/6720 - t**7/630 - t**6/144 + t**4/12 + t**3/2 - 3*t**2 - 4. Let p(a) be the second derivative of u(a). What is p(5)?
0
Let q be 0 + -1 + 1*-4. Let a(n) be the second derivative of -n**4/12 - n**3/3 + n**2 - 5356*n. Calculate a(q).
-13
Let y = 78 - 71. Let r(h) = -4*h**3 + 10*h**2 - h + 6. Let z(m) = -3*m**3 + 9*m**2 - m + 6. Let k(l) = 2*r(l) - 3*z(l). What is k(y)?
1
Suppose -5*c + 0*c + 5*m + 50 = 0, 4*m = 5*c - 47. Let j(q) = -4*q + 49. Calculate j(c).
21
Let d = -18282 + 18316. Let h(u) = u**2 - 27*u - 233. What is h(d)?
5
Let t(o) = 19*o - 539. Let n be 2 - (26/2)/(14/(-8 + -20)). Determine t(n).
-7
Suppose 17 - 2 = -5*b. Let f(h) = 0*h + 256 + 254 + 249 - 768 - 2*h. What is f(b)?
-3
Suppose x - 19 = -2*c + 2*x, 4*c + x - 35 = 0. Suppose -c = 3*k + 3. Let p(z) be the first derivative of z**4/4 + 2*z**3 + 2*z**2 + 2*z + 40. Determine p(k).
18
Let s(p) be the first derivative of -p**2/2 - 10*p 